- 0*c, -20 = -4*f + 5*c. What are the prime factors of f?
5
Let x = 86 - 87. List the prime factors of (-54144)/(-256) + (x - (-5)/2).
3, 71
Suppose 28465 = 5*y - i, 5*y + 0*y - 28445 = 5*i. What are the prime factors of y?
2, 3, 13, 73
Let l(s) be the first derivative of 32*s**3/3 - 5*s**2/2 + 11*s - 69. List the prime factors of l(-6).
1193
Let w be (-12)/(-2) - (16 + -3). Let z(l) = 4*l**2 - 22*l - 86. List the prime factors of z(w).
2, 3, 11
Suppose 3*o + 24993 = 3*y, -y - 6*o + 11*o + 8351 = 0. What are the prime factors of y?
2, 23, 181
Let c(z) be the second derivative of -91*z**5/120 - 5*z**4/24 - 11*z**3/6 - 4*z. Let s(t) be the second derivative of c(t). What are the prime factors of s(-1)?
2, 43
Let l(f) = -1382*f**3 - 8*f**2 - 7*f. Let k be 15/(-10) - 3/(-6). What are the prime factors of l(k)?
1381
Suppose 6*t = -10*t - 16. List the prime factors of 634/(-1*(-4 + (1 - t))).
317
Let o be (3/(-9))/(2/(-444)). Let x = -116 + o. Let s = 290 + x. List the prime factors of s.
2, 31
Let t be (1 + 0)*(-1)/((-2)/8). Suppose -4*y + 1336 = 2*n, 6*n + t*y - 3993 = 7*y. List the prime factors of n.
2, 3, 37
Suppose -g = 5*f - 23994, -384*g - 2*f = -388*g + 95800. What are the prime factors of g?
2, 7, 29, 59
Let g be (37314/45)/((-4)/(-10)). Let a = g - 1028. What are the prime factors of a?
5, 11, 19
Suppose -33*z + 11 = -32*z. Suppose z*i - 3232 = 3357. What are the prime factors of i?
599
Suppose -10*z + 44 = 14. Suppose 886 = 2*f + 2*r, 4*f + z*r - 2211 = -f. Suppose f = -3*i + 12*i. List the prime factors of i.
7
Let b be 35/15 - (-1)/(-3). Suppose b*c - 55*u + 50*u = 1178, 2*c = -5*u + 1138. What are the prime factors of c?
3, 193
Let k(q) = -5*q - 30. Let u be k(-6). Suppose -7*r + r + 864 = u. What are the prime factors of r?
2, 3
Let p = -662 + 664. Suppose 0 = p*t + g - 816, 7*t - 1230 = 4*t - 3*g. List the prime factors of t.
2, 7, 29
Suppose -2*r = 4*j - 192642, 8*r = 3*j - 5*r - 144467. What are the prime factors of j?
2, 5, 7, 43
Suppose 0 = 893*h - 944*h + 1263627. What are the prime factors of h?
3, 2753
Let x(k) = -17996*k + k**3 + 18001*k + 6*k**2 - 2*k**2 + 19. List the prime factors of x(8).
827
Let u(q) = 28*q**2 + 427*q + 108. What are the prime factors of u(-22)?
2, 3, 79
Let d(i) = -299*i + 2. Let m be d(-2). Let b = m + -326. What are the prime factors of b?
2, 137
Let m = -44 - -49. Suppose 5*t - 5*u = 0, 5*t - m*u + 7*u - 14 = 0. Suppose t*k - 3 = 265. What are the prime factors of k?
2, 67
Let d = -5467 + 10567. What are the prime factors of d?
2, 3, 5, 17
Let y(k) = 53*k**2 + 10*k - 16. Let x(l) = l - 46. Let r be x(49). List the prime factors of y(r).
491
What are the prime factors of (-184970)/(-80) + 16/(-128)?
2, 17
Let f(j) = 5*j**3 - 2*j. Suppose 0 = 6*z + 48 + 24. Let y(h) = 2*h + 27. Let l be y(z). What are the prime factors of f(l)?
3, 43
Let c = -109 - -103. Let b(o) = -2*o**3 + 3*o**2 - o - 5. List the prime factors of b(c).
541
Let o = 615 - 580. Suppose 28*l - o*l + 3136 = 0. What are the prime factors of l?
2, 7
What are the prime factors of -60*(-19845)/(-560)*(0 - 4)?
3, 5, 7
Let t be (-118 + 0)*(-3)/6. Let a = t + -55. Suppose -v - 1 = -a, 2*z + 3*v - 153 = 0. What are the prime factors of z?
2, 3
Suppose 0 = -6*s + 10*s - 20. Let n(o) = o**3 - 13*o**2 - 6*o - 3. Let p be n(s). Let v = p + 383. What are the prime factors of v?
2, 3, 5
Let s = 65 - 50. Suppose 0 = 3*p - 5*v + 35, 0*p + p = -5*v + s. Let n(i) = -3*i**3 - 3*i**2 - i + 1. List the prime factors of n(p).
2, 3, 17
Suppose 2*t + v - 24824 + 4714 = 0, 3*t - 5*v = 30152. What are the prime factors of t?
2, 11, 457
Suppose 98*q - 10467684 = -18*q - 1926140. List the prime factors of q.
2, 11, 3347
Let n(z) = 18*z**2 - 9*z - 14. Let g(b) = 2*b**2 + 19*b + 29. Let r be g(-8). List the prime factors of n(r).
17, 23
Let w(q) = 2*q**3 + 15*q**2 + 7*q + 8. Let o be w(-7). Let s(b) = 3*b**2 + 5 + o - 41. List the prime factors of s(9).
5, 43
Let v(b) = -3679*b + 27 + 84 + 3678*b. What are the prime factors of v(-35)?
2, 73
Let s(t) = -12*t**2 + 3*t + 3993. What are the prime factors of s(0)?
3, 11
Let b = -61 + 64. Suppose b*r - 144 = 171. Suppose 2*x - x = -2*h + r, -5*x = 4*h - 555. List the prime factors of x.
5, 23
Suppose -5966 - 3297 = -29*c + 6455. What are the prime factors of c?
2, 271
Suppose -108 = -6*t + 18. List the prime factors of 4563/t - 3/(-63)*-6.
7, 31
Let t(b) = 25*b - 34. Let s be t(5). List the prime factors of (s - 0) + 12/(-2 - 1).
3, 29
Suppose 206*s - 200*s - 2154 = 0. Let j = s + -57. List the prime factors of j.
2, 151
Suppose 32*s - 22*s + 23*s - 76956 = 0. List the prime factors of s.
2, 11, 53
Suppose 410 + 207 = -4*c - 5*y, 0 = 4*c + 4*y + 612. Suppose 3*s = 10 - 1. List the prime factors of c/(s + (-10)/2).
2, 37
Suppose 4*q - 3017 = 4*m + 6943, 3*m = -12. Suppose 4*i = 15*i - q. What are the prime factors of i?
2, 113
Let d(r) = r**3 - r**2 + 2*r. Let f = -75 - -75. Let x be d(f). Suppose x = 4*k - v - 26, 2 = -3*k - 3*v + 14. What are the prime factors of k?
2, 3
Suppose 6*l + l - 21 = 0. Suppose 420 = -2*c - l*c. Let t = 127 + c. List the prime factors of t.
43
Let m be 646/9 + (-8)/(-36). Let h = m - 8. What are the prime factors of h?
2
Let g = -7997 - -12203. List the prime factors of g.
2, 3, 701
Suppose v - 937 = -2*v + 5*l, 5*v - 1583 = 3*l. Suppose -2*g + v = -847. Suppose -n + 373 = 4*o - 408, -3*o + 2*n + g = 0. What are the prime factors of o?
3, 5, 13
Suppose -3*k + 8404 = -72*v + 73*v, 5*v - 41952 = 2*k. List the prime factors of v.
2, 1049
Suppose 0 = 6*f + 8*f - 182. Let h(t) = 5*t**2 - 14*t - 64. List the prime factors of h(f).
599
Let o(u) be the third derivative of 0 + 1/6*u**3 - 12*u**2 + 53/8*u**4 + 0*u. What are the prime factors of o(1)?
2, 5
Let n(w) = 49*w - 234. Let c be ((-32)/(-168) + (-3)/(-21))*66. List the prime factors of n(c).
2, 211
Suppose 0 = 74*o - 84*o + 14440. List the prime factors of o.
2, 19
Suppose -249*g + 229*g + 96328 + 357672 = 0. List the prime factors of g.
2, 5, 227
Let s = 2165 + -1093. List the prime factors of s + -9*(-14)/(-21).
2, 13, 41
Suppose -5*h + 44 = -331. Let j = 141 - h. List the prime factors of j.
2, 3, 11
Let r(f) = f**2 - 18*f + 84. Let v be r(8). Suppose v*g = 974 + 958. List the prime factors of g.
3, 7, 23
Suppose 0 = -4*u - 4*w + 98568, -2*u = -6*u - w + 98547. What are the prime factors of u?
5, 13, 379
Let h(d) = d - 16. Let l(y) = 14. Let x(o) = -4*h(o) - 5*l(o). Let m be x(-4). List the prime factors of (20 - (m + -5))/(1/9).
3, 5
Let w(f) = 168*f + 2282. What are the prime factors of w(-10)?
2, 7, 43
Let d(s) = -65*s. Let q(x) be the first derivative of -x**2/2 + x + 4. Let y(p) = d(p) - q(p). What are the prime factors of y(-1)?
3, 7
Suppose -4*b = -11*b + 21. Suppose -b = 2*s + 3, -4*w + 3241 = -3*s. What are the prime factors of w?
2, 101
Suppose 0 = -5*d - 4*f + 36, 7*d + 4 = 3*d + 5*f. Suppose d*y - 2 = 2*u, 1 + 50 = 5*u + 4*y. What are the prime factors of u?
7
Let o = 144 - -249. Let j(c) = 70*c - 1752. Let r be j(25). List the prime factors of 3*r/(-18)*o.
131
Suppose 22*a - 9365 - 30653 = 0. What are the prime factors of a?
17, 107
Let n(i) = 3*i**2 + 29*i - 382. List the prime factors of n(-23).
2, 269
Suppose -62*a - 53*a + 607337 = -1986373. What are the prime factors of a?
2, 3, 7, 179
What are the prime factors of 0 + ((-33792)/(-110))/((-6)/(-280))?
2, 7
Let w(j) = j**2 - 14*j - 18. Suppose 122 = 5*n + 37. Let y be w(n). Suppose 4*i + y = 7*i. What are the prime factors of i?
11
Let p(n) = -70 + 38 + n - 4*n. Let y be p(-16). Let u(z) = -z**3 + 17*z**2 + z - 24. What are the prime factors of u(y)?
2, 31
Suppose -5*u + 29 = -71. Let d = 22 - u. Suppose 5*v + 3*z - 127 - 411 = 0, 216 = d*v + 2*z. What are the prime factors of v?
107
Let k(l) = -16*l + 46. Let b be k(4). List the prime factors of -1 + (-5379)/(-18) + b/(-108).
2, 149
Let x = 53 + -52. Let o = 85 - x. Suppose -2*m + 6*m + 3*c = 396, 3*c = m - o. List the prime factors of m.
2, 3
Let r = 40 + -18. Let c = r - 22. List the prime factors of 21 + (c - 3/3).
2, 5
Let c(q) = q**2 - 6. Let u be c(3). Suppose 7*y + u*y = 4160. List the prime factors of y.
2, 13
Suppose 0 = -67*a + 65*a. Suppose -4*u = -2*p - 1266, -4*u + 3*p + 846 + 419 = a. List the prime factors